 highest common factor of 46644 and 9862164.
2028
Calculate the greatest common factor of 56274560 and 145360.
1840
What is the highest common factor of 252125 and 815?
5
What is the highest common divisor of 1547928425 and 1745?
1745
What is the greatest common divisor of 4516722269 and 769?
769
What is the highest common factor of 48552786 and 198?
18
What is the highest common divisor of 62 and 7412999?
31
Calculate the highest common divisor of 1971729 and 108.
27
Calculate the highest common divisor of 347264 and 39296.
128
What is the greatest common divisor of 1989 and 52478127?
117
What is the highest common factor of 2220 and 370993820?
740
Calculate the highest common factor of 76293 and 1568637.
441
Calculate the greatest common divisor of 80250 and 112992.
642
What is the highest common divisor of 34755831 and 18?
9
What is the greatest common divisor of 102792600 and 18?
18
What is the greatest common factor of 213884 and 11352?
44
Calculate the highest common factor of 968 and 4985464.
88
What is the greatest common factor of 2355552 and 1584?
144
Calculate the highest common divisor of 106730 and 60093095.
4105
Calculate the highest common divisor of 436589 and 12909.
331
What is the highest common divisor of 3143632 and 208?
16
Calculate the highest common factor of 273227973 and 3981.
3981
What is the highest common divisor of 31250 and 41873750?
1250
What is the highest common divisor of 1863 and 459117?
9
What is the greatest common factor of 494 and 26092852?
38
What is the greatest common factor of 556212 and 930?
6
What is the highest common divisor of 69636 and 50604?
12
Calculate the greatest common divisor of 784 and 57151640.
392
What is the greatest common divisor of 45730 and 2806360?
170
What is the highest common factor of 7702 and 79657935?
3851
Calculate the highest common factor of 11043 and 178193529.
3681
Calculate the greatest common divisor of 5278 and 84165627.
2639
Calculate the greatest common divisor of 428 and 700724917.
107
What is the greatest common factor of 306 and 19512855?
153
What is the greatest common factor of 6794 and 23965519?
79
What is the greatest common divisor of 14350 and 63278334?
574
Calculate the highest common divisor of 12593562 and 42.
6
Calculate the greatest common factor of 650 and 128125150.
50
What is the greatest common divisor of 185834 and 170566?
22
What is the greatest common divisor of 185288 and 853576?
184
Calculate the greatest common factor of 181872 and 290646612.
15156
What is the greatest common factor of 2851495459 and 17?
17
What is the highest common factor of 4879 and 160012381?
697
Calculate the greatest common divisor of 31531 and 228.
1
Calculate the highest common divisor of 16236 and 13940.
164
Calculate the greatest common divisor of 8155 and 2490537.
1631
Calculate the highest common divisor of 55266 and 113854.
302
What is the highest common factor of 144 and 1547271?
9
Calculate the highest common factor of 572 and 23076482.
286
What is the highest common divisor of 28442297 and 228?
19
Calculate the highest common factor of 38332 and 77959.
259
Calculate the greatest common factor of 26 and 505149346.
26
Calculate the greatest common factor of 9347904 and 21744.
144
Calculate the greatest common factor of 333 and 7397373.
111
Calculate the highest common divisor of 140 and 1602412.
28
Calculate the highest common divisor of 39307 and 14375.
23
What is the highest common divisor of 2592 and 6403040?
32
Calculate the greatest common factor of 7417770 and 30.
30
Calculate the highest common divisor of 540342 and 6898912.
5458
Calculate the greatest common divisor of 76 and 833529430.
38
Calculate the greatest common divisor of 106927 and 69.
23
Calculate the highest common divisor of 767 and 1593000.
59
What is the highest common divisor of 17853755 and 77585?
1315
What is the greatest common factor of 5163 and 28792330?
1721
What is the highest common divisor of 4657332 and 48?
12
Calculate the highest common factor of 4556928 and 1536.
384
Calculate the greatest common factor of 1592780 and 2660420.
4340
What is the greatest common factor of 936 and 1195688?
104
What is the highest common factor of 475710 and 1767096?
606
What is the greatest common divisor of 747 and 66182706?
747
What is the greatest common factor of 985272405 and 195?
195
What is the greatest common factor of 17784 and 5327712?
936
Calculate the highest common factor of 3351 and 25088937.
3351
Calculate the highest common divisor of 36112 and 904752.
976
Calculate the greatest common divisor of 93663092 and 428.
428
Calculate the greatest common divisor of 9773 and 2858771.
337
Calculate the highest common factor of 20 and 30936130.
10
Calculate the greatest common divisor of 187610 and 6107605.
1285
What is the highest common factor of 28655408 and 31?
31
Calculate the greatest common divisor of 155910302 and 8.
2
What is the greatest common divisor of 3128667 and 621?
69
Calculate the highest common divisor of 7805 and 12215940.
1115
What is the greatest common divisor of 7 and 375866939?
7
What is the highest common divisor of 65 and 18904301?
13
Calculate the greatest common factor of 122 and 1080235214.
122
Calculate the highest common factor of 89560 and 201304.
8
What is the greatest common factor of 329809641 and 294?
147
Calculate the greatest common divisor of 28696694 and 7352.
1838
Calculate the greatest common factor of 7226508 and 24.
12
What is the greatest common factor of 7605258 and 724?
362
Calculate the highest common divisor of 295632 and 3664.
16
What is the greatest common factor of 246 and 141592926?
246
Calculate the highest common divisor of 84 and 2771286.
42
Calculate the greatest common divisor of 1 and 7242643.
1
Calculate the greatest common factor of 105 and 10014858.
21
Calculate the highest common divisor of 17573114 and 2860.
26
What is the greatest common divisor of 14889 and 4106528?
709
What is the highest common divisor of 3443 and 2199747?
11
Calculate the greatest common divisor of 957453 and 882777.
2667
What is the highest common divisor of 18990 and 11580102?
3798
Calculate the greatest common divisor of 15201155 and 2920.
365
What is the highest common divisor of 3289856 and 1810?
362
Calculate the highest common divisor of 70358444 and 6018.
2006
Calculate the highest common divisor of 21636 and 676680324.
7212
Calculate the highest common divisor of 15697768 and 4688.
2344
Calculate the highest common factor of 144 and 79473.
3
Calculate the greatest common factor of 489888 and 3113640.
648
What is the greatest common factor of 44091636 and 12?
12
Calculate the greatest common divisor of 1474409 and 13621.
257
What is the highest common factor of 6168809 and 415?
83
What is the greatest common factor of 1341 and 2934891?
9
What is the greatest common divisor of 232429 and 1927?
41
Calculate the greatest common divisor of 297 and 7339194.
27
Calculate the greatest common factor of 1360442 and 374.
34
Calculate the highest common divisor of 13912 and 337144.
296
Calculate the highest common divisor of 1345 and 16010.
5
What is the highest common factor of 209641 and 402143?
29
Calculate the greatest common factor of 54 and 24041097.
27
What is the highest common divisor of 3215 and 74335?
5
What is the highest common divisor of 31597674 and 5193?
1731
What is the greatest common divisor of 429 and 285791?
11
Calculate the greatest common factor of 32870644 and 20.
4
Calculate the greatest common factor of 26249795 and 36465.
715
What is the greatest common divisor of 330 and 4425?
15
Calculate the highest common factor of 979162005 and 765.
255
What is the highest common factor of 80560 and 610136?
424
What is the greatest common divisor of 52194900 and 1100?
100
What is the highest common factor of 1485 and 1672770?
165
Calculate the highest common divisor of 9 and 87036996.
3
What is the highest common factor of 12170 and 910?
10
What is the greatest common divisor of 2372260 and 99?
11
What is the highest common divisor of 29662992 and 522?
18
What is the highest common divisor of 507609 and 117?
9
What is the greatest common factor of 525 and 8618295?
105
Calculate the highest common factor of 63729 and 151037.
73
Calculate 